hen 1268 is divided by 418?
14
Calculate the remainder when 334886 is divided by 34.
20
What is the remainder when 194743 is divided by 7490?
3
What is the remainder when 13672 is divided by 1704?
40
What is the remainder when 3391385 is divided by 7?
4
Calculate the remainder when 16688 is divided by 72.
56
What is the remainder when 72585 is divided by 9072?
9
What is the remainder when 25296 is divided by 32?
16
Calculate the remainder when 4483 is divided by 4.
3
Calculate the remainder when 940692 is divided by 867.
864
Calculate the remainder when 82557 is divided by 415.
387
Calculate the remainder when 17021 is divided by 1547.
4
Calculate the remainder when 9668 is divided by 3220.
8
Calculate the remainder when 140699 is divided by 683.
1
What is the remainder when 7428 is divided by 199?
65
What is the remainder when 100374 is divided by 4562?
10
Calculate the remainder when 15046 is divided by 145.
111
Calculate the remainder when 1523 is divided by 1432.
91
What is the remainder when 19931 is divided by 15?
11
What is the remainder when 3138 is divided by 159?
117
Calculate the remainder when 3276 is divided by 113.
112
Calculate the remainder when 3117771 is divided by 974.
971
Calculate the remainder when 220504 is divided by 31495.
39
What is the remainder when 6296 is divided by 175?
171
Calculate the remainder when 54859 is divided by 49.
28
What is the remainder when 119556 is divided by 980?
976
Calculate the remainder when 1588 is divided by 317.
3
What is the remainder when 5301 is divided by 13?
10
What is the remainder when 3344 is divided by 662?
34
What is the remainder when 11276 is divided by 3?
2
Calculate the remainder when 1235 is divided by 258.
203
Calculate the remainder when 39934 is divided by 39929.
5
Calculate the remainder when 93180 is divided by 473.
472
What is the remainder when 13391 is divided by 417?
47
What is the remainder when 6755 is divided by 37?
21
What is the remainder when 7410 is divided by 2441?
87
Calculate the remainder when 2503 is divided by 52.
7
Calculate the remainder when 6536 is divided by 1086.
20
Calculate the remainder when 2486 is divided by 1140.
206
Calculate the remainder when 17473 is divided by 318.
301
Calculate the remainder when 240762 is divided by 18520.
2
Calculate the remainder when 241250 is divided by 100.
50
Calculate the remainder when 25942 is divided by 302.
272
Calculate the remainder when 12097 is divided by 173.
160
What is the remainder when 19400 is divided by 39?
17
What is the remainder when 5723 is divided by 155?
143
Calculate the remainder when 1160 is divided by 273.
68
Calculate the remainder when 9312 is divided by 2196.
528
What is the remainder when 5131 is divided by 81?
28
Calculate the remainder when 6724 is divided by 83.
1
What is the remainder when 51196 is divided by 320?
316
Calculate the remainder when 49764 is divided by 386.
356
What is the remainder when 6922 is divided by 3214?
494
Calculate the remainder when 459832 is divided by 958.
950
What is the remainder when 2098 is divided by 690?
28
What is the remainder when 20306 is divided by 54?
2
Calculate the remainder when 1358 is divided by 130.
58
What is the remainder when 28767 is divided by 181?
169
What is the remainder when 77813 is divided by 59?
51
Calculate the remainder when 5294 is divided by 2557.
180
What is the remainder when 359361 is divided by 27643?
2
Calculate the remainder when 1831 is divided by 866.
99
Calculate the remainder when 8530 is divided by 1197.
151
What is the remainder when 69478 is divided by 60?
58
What is the remainder when 3392 is divided by 49?
11
What is the remainder when 205031 is divided by 344?
7
What is the remainder when 72043 is divided by 83?
82
What is the remainder when 864 is divided by 166?
34
What is the remainder when 138219 is divided by 163?
158
What is the remainder when 3270 is divided by 257?
186
What is the remainder when 66158 is divided by 66133?
25
Calculate the remainder when 717354 is divided by 610.
604
What is the remainder when 6797 is divided by 2218?
143
Calculate the remainder when 25235 is divided by 1395.
125
What is the remainder when 1506 is divided by 321?
222
What is the remainder when 3261 is divided by 37?
5
Calculate the remainder when 111307 is divided by 27812.
59
Calculate the remainder when 87148 is divided by 87140.
8
What is the remainder when 24524 is divided by 165?
104
Calculate the remainder when 31362 is divided by 6271.
7
Calculate the remainder when 946 is divided by 200.
146
Calculate the remainder when 6336 is divided by 176.
0
Calculate the remainder when 7628 is divided by 524.
292
Calculate the remainder when 1092 is divided by 85.
72
What is the remainder when 1276 is divided by 213?
211
What is the remainder when 44863 is divided by 1353?
214
Calculate the remainder when 36874 is divided by 18407.
60
Calculate the remainder when 1404795 is divided by 1471.
1461
Calculate the remainder when 11581 is divided by 143.
141
What is the remainder when 672 is divided by 262?
148
What is the remainder when 4686 is divided by 4527?
159
Calculate the remainder when 4435 is divided by 1059.
199
What is the remainder when 6501 is divided by 540?
21
What is the remainder when 65163 is divided by 3616?
75
What is the remainder when 2308 is divided by 874?
560
Calculate the remainder when 380015 is divided by 36.
35
Calculate the remainder when 3022 is divided by 427.
33
What is the remainder when 44176 is divided by 1637?
1614
Calculate the remainder when 3867 is divided by 150.
117
Calculate the remainder when 37998 is divided by 152.
150
Calculate the remainder when 219502 is divided by 12.
10
What is the remainder when 10944 is divided by 71?
10
What is the remainder when 96473 is divided by 216?
137
Calculate the remainder when 20490 is divided by 69.
66
What is the remainder when 26818 is divided by 653?
45
What is the remainder when 363633 is divided by 546?
543
What is the remainder when 5106 is divided by 86?
32
Calculate the remainder when 117487 is divided by 39155.
22
Calculate the remainder when 168672 is divided by 56220.
12
Calculate the remainder when 390 is divided by 160.
70
Calculate the remainder when 46340 is divided by 7716.
44
Calculate the remainder when 2638285 is divided by 434.
433
What is the remainder when 271861 is divided by 11?
7
Calculate the remainder when 42874 is divided by 152.
10
Calculate the remainder when 102336 is divided by 430.
426
What is the remainder when 4677 is divided by 45?
42
What is the remainder when 19727 is divided by 6544?
95
Calculate the remainder when 1624 is divided by 629.
366
What is the remainder when 948 is divided by 36?
12
Calculate the remainder when 19034 is divided by 123.
92
What is the remainder when 4482 is divided by 1111?
38
Calculate the remainder when 16264 is divided by 2319.
31
What is the remainder when 764105 is divided by 1181?
1179
What is the remainder when 92226 is divided by 10?
6
What is the remainder when 1232 is divided by 562?
108
What is the remainder when 3319 is divided by 1636?
47
What is the remainder when 2602 is divided by 109?
95
Calculate the remainder when 38235 is divided by 369.
228
What is the remainder when 15056 is divided by 2135?
111
What is the remainder when 1038 is divided by 229?
122
Calculate the remainder when 797 is divided by 104.
69
Calculate the remainder when 671 is divided by 199.
74
Calculate the remainder when 311759 is divided by 74.
71
What is the remainder when 10993 is divided by 5478?
37
Calculate the remainder when 678 is divided by 333.
12
Calculate the remainder when 12754 is divided by 4240.
34
Calculate the remainder when 71823 is divided by 3015.
2478
What is the remainder when 17426 is divided by 135?
11
Calculate the remainder when 6830 is divided by 245.
215
What is the remainder when 305195 is divided by 157?
144
What is the remainder when 5013 is divided by 75?
63
What is the remainder when 17022 is divided by 213?
195
What is the remainder when 735 is divided by 51?
21
What is the remainder when 68672 is divided by 128?
64
What is the remainder when 3004 is divided by 2881?
123
What is the remainder when 12312 is divided by 504?
216
What is the remainder w